{"id":710,"date":"2020-10-29T11:34:17","date_gmt":"2020-10-29T10:34:17","guid":{"rendered":"https:\/\/site.aefoot92.com\/?page_id=710"},"modified":"2020-10-29T14:17:49","modified_gmt":"2020-10-29T13:17:49","slug":"technique-regionale","status":"publish","type":"page","link":"https:\/\/site.aefoot92.com\/?page_id=710","title":{"rendered":"TECHNIQUE REGIONALE"},"content":{"rendered":"\n<figure class=\"wp-block-image size-large\"><img loading=\"lazy\" decoding=\"async\" width=\"859\" height=\"1024\" src=\"https:\/\/site.aefoot92.com\/wp-content\/uploads\/2020\/10\/IMG_20201029_111829-859x1024.jpg\" alt=\"\" class=\"wp-image-711\" srcset=\"https:\/\/site.aefoot92.com\/wp-content\/uploads\/2020\/10\/IMG_20201029_111829-859x1024.jpg 859w, https:\/\/site.aefoot92.com\/wp-content\/uploads\/2020\/10\/IMG_20201029_111829-252x300.jpg 252w, https:\/\/site.aefoot92.com\/wp-content\/uploads\/2020\/10\/IMG_20201029_111829-768x915.jpg 768w, https:\/\/site.aefoot92.com\/wp-content\/uploads\/2020\/10\/IMG_20201029_111829-1289x1536.jpg 1289w, https:\/\/site.aefoot92.com\/wp-content\/uploads\/2020\/10\/IMG_20201029_111829-1719x2048.jpg 1719w, https:\/\/site.aefoot92.com\/wp-content\/uploads\/2020\/10\/IMG_20201029_111829.jpg 2020w\" sizes=\"auto, (max-width: 859px) 100vw, 859px\" \/><figcaption>STADIUM N\u00b026 AVEC UN TRES BON ARTICLE SUR L&rsquo;EVOLUTION DU FOOTBALL FRANCILIEN <\/figcaption><\/figure>\n\n\n\n<p>Dans le num\u00e9ro 26 su STADIUM de la LIGUE DE PARIS, nous retrouvons une tr\u00e8s bonne analyse sur la situation-observation du FOOTBALL FRANCILIEN.<\/p>\n\n\n\n<p>Qui mieux que notre Directeur Technique R\u00e9gional ALI MOUCER pouvait en parler. A partir du constat actuel il propose une vue lucide sur le travail des \u00e9ducateurs, sur les perspectives futures et sur les formations. Nous vous proposons son article des pages 34 \u00e0 37.<\/p>\n\n\n\n<figure class=\"wp-block-image size-large\"><img loading=\"lazy\" decoding=\"async\" width=\"731\" height=\"1024\" src=\"https:\/\/site.aefoot92.com\/wp-content\/uploads\/2020\/10\/IMG_20201029_111120-731x1024.jpg\" alt=\"\" class=\"wp-image-712\" srcset=\"https:\/\/site.aefoot92.com\/wp-content\/uploads\/2020\/10\/IMG_20201029_111120-731x1024.jpg 731w, https:\/\/site.aefoot92.com\/wp-content\/uploads\/2020\/10\/IMG_20201029_111120-214x300.jpg 214w, https:\/\/site.aefoot92.com\/wp-content\/uploads\/2020\/10\/IMG_20201029_111120-768x1075.jpg 768w, https:\/\/site.aefoot92.com\/wp-content\/uploads\/2020\/10\/IMG_20201029_111120-1097x1536.jpg 1097w, https:\/\/site.aefoot92.com\/wp-content\/uploads\/2020\/10\/IMG_20201029_111120-1463x2048.jpg 1463w, https:\/\/site.aefoot92.com\/wp-content\/uploads\/2020\/10\/IMG_20201029_111120.jpg 1812w\" sizes=\"auto, (max-width: 731px) 100vw, 731px\" \/><figcaption>TROUVER UNE COMPLEMENTARITE  ENTRE SYSTEME ET ANIMATION <\/figcaption><\/figure>\n\n\n\n<p> <\/p>\n\n\n\n<figure class=\"wp-block-image size-large\"><img loading=\"lazy\" decoding=\"async\" width=\"709\" height=\"1024\" src=\"https:\/\/site.aefoot92.com\/wp-content\/uploads\/2020\/10\/IMG_20201029_111047-709x1024.jpg\" alt=\"\" class=\"wp-image-713\" srcset=\"https:\/\/site.aefoot92.com\/wp-content\/uploads\/2020\/10\/IMG_20201029_111047-709x1024.jpg 709w, https:\/\/site.aefoot92.com\/wp-content\/uploads\/2020\/10\/IMG_20201029_111047-208x300.jpg 208w, https:\/\/site.aefoot92.com\/wp-content\/uploads\/2020\/10\/IMG_20201029_111047-768x1109.jpg 768w, https:\/\/site.aefoot92.com\/wp-content\/uploads\/2020\/10\/IMG_20201029_111047-1064x1536.jpg 1064w, https:\/\/site.aefoot92.com\/wp-content\/uploads\/2020\/10\/IMG_20201029_111047-1419x2048.jpg 1419w, https:\/\/site.aefoot92.com\/wp-content\/uploads\/2020\/10\/IMG_20201029_111047.jpg 1697w\" sizes=\"auto, (max-width: 709px) 100vw, 709px\" \/><figcaption>AVOIR LE BALLON ET SAVOIR L&rsquo;UTILISER<\/figcaption><\/figure>\n\n\n\n<figure class=\"wp-block-image size-large\"><img loading=\"lazy\" decoding=\"async\" width=\"695\" height=\"1024\" src=\"https:\/\/site.aefoot92.com\/wp-content\/uploads\/2020\/10\/IMG_20201029_111021-695x1024.jpg\" alt=\"\" class=\"wp-image-714\" srcset=\"https:\/\/site.aefoot92.com\/wp-content\/uploads\/2020\/10\/IMG_20201029_111021-695x1024.jpg 695w, https:\/\/site.aefoot92.com\/wp-content\/uploads\/2020\/10\/IMG_20201029_111021-204x300.jpg 204w, https:\/\/site.aefoot92.com\/wp-content\/uploads\/2020\/10\/IMG_20201029_111021-768x1131.jpg 768w, https:\/\/site.aefoot92.com\/wp-content\/uploads\/2020\/10\/IMG_20201029_111021-1043x1536.jpg 1043w, https:\/\/site.aefoot92.com\/wp-content\/uploads\/2020\/10\/IMG_20201029_111021-1390x2048.jpg 1390w, https:\/\/site.aefoot92.com\/wp-content\/uploads\/2020\/10\/IMG_20201029_111021-scaled.jpg 1738w\" sizes=\"auto, (max-width: 695px) 100vw, 695px\" \/><figcaption>UN TRAVAIL SPECIFIQUE QUI SE DEVELOPPE DES GARDIENS AUX ATTAQUANTS ET CPA <\/figcaption><\/figure>\n\n\n\n<figure class=\"wp-block-image size-large\"><img loading=\"lazy\" decoding=\"async\" width=\"729\" height=\"1024\" src=\"https:\/\/site.aefoot92.com\/wp-content\/uploads\/2020\/10\/IMG_20201029_110947-729x1024.jpg\" alt=\"\" class=\"wp-image-715\" srcset=\"https:\/\/site.aefoot92.com\/wp-content\/uploads\/2020\/10\/IMG_20201029_110947-729x1024.jpg 729w, https:\/\/site.aefoot92.com\/wp-content\/uploads\/2020\/10\/IMG_20201029_110947-214x300.jpg 214w, https:\/\/site.aefoot92.com\/wp-content\/uploads\/2020\/10\/IMG_20201029_110947-768x1079.jpg 768w, https:\/\/site.aefoot92.com\/wp-content\/uploads\/2020\/10\/IMG_20201029_110947-1093x1536.jpg 1093w, https:\/\/site.aefoot92.com\/wp-content\/uploads\/2020\/10\/IMG_20201029_110947-1458x2048.jpg 1458w, https:\/\/site.aefoot92.com\/wp-content\/uploads\/2020\/10\/IMG_20201029_110947-scaled.jpg 1822w\" sizes=\"auto, (max-width: 729px) 100vw, 729px\" \/><figcaption>POUR UNE FORMATION DES EDUCATEURS, AVEC LA VIDEO ET LA PSYCHOLOGIE MENTALE<\/figcaption><\/figure>\n\n\n\n<p>Merci Ali pour cet article et vous autres aussi, si vous voulez publiez un article utile \u00e0 tous les coll\u00e8gues contactez moi CHRISTIAN PORNIN aefoot92@gmail.com.  06 16 98 14 10<\/p>\n","protected":false},"excerpt":{"rendered":"<p>Dans le num\u00e9ro 26 su STADIUM de la LIGUE DE PARIS, nous retrouvons une tr\u00e8s bonne analyse sur la situation-observation du FOOTBALL FRANCILIEN. Qui mieux que notre Directeur Technique R\u00e9gional ALI MOUCER pouvait en parler. A partir du constat actuel &hellip; <a href=\"https:\/\/site.aefoot92.com\/?page_id=710\">Continuer la lecture <span class=\"meta-nav\">&rarr;<\/span><\/a><\/p>\n","protected":false},"author":1,"featured_media":0,"parent":0,"menu_order":0,"comment_status":"closed","ping_status":"closed","template":"","meta":{"footnotes":""},"class_list":["post-710","page","type-page","status-publish","hentry"],"_links":{"self":[{"href":"https:\/\/site.aefoot92.com\/index.php?rest_route=\/wp\/v2\/pages\/710","targetHints":{"allow":["GET"]}}],"collection":[{"href":"https:\/\/site.aefoot92.com\/index.php?rest_route=\/wp\/v2\/pages"}],"about":[{"href":"https:\/\/site.aefoot92.com\/index.php?rest_route=\/wp\/v2\/types\/page"}],"author":[{"embeddable":true,"href":"https:\/\/site.aefoot92.com\/index.php?rest_route=\/wp\/v2\/users\/1"}],"replies":[{"embeddable":true,"href":"https:\/\/site.aefoot92.com\/index.php?rest_route=%2Fwp%2Fv2%2Fcomments&post=710"}],"version-history":[{"count":4,"href":"https:\/\/site.aefoot92.com\/index.php?rest_route=\/wp\/v2\/pages\/710\/revisions"}],"predecessor-version":[{"id":721,"href":"https:\/\/site.aefoot92.com\/index.php?rest_route=\/wp\/v2\/pages\/710\/revisions\/721"}],"wp:attachment":[{"href":"https:\/\/site.aefoot92.com\/index.php?rest_route=%2Fwp%2Fv2%2Fmedia&parent=710"}],"curies":[{"name":"wp","href":"https:\/\/api.w.org\/{rel}","templated":true}]}}